, 11
Suppose 3 = -2*x + 11. Suppose 0 = -2*o + 3*t + 25, x*t + 4 = 2*o - 26. Suppose -o*v + 178 = 43. What are the prime factors of v?
3
Suppose 5*t = 4*p - 4820, 4*p + t = 2*t + 4820. What are the prime factors of p?
5, 241
Suppose 5*g - 5 = p, 0 = -2*g - g + 3*p - 9. What are the prime factors of 6*(g - 35/(-10))?
3, 11
Let i = 95 - 54. Suppose 94 = -2*b + 5*p + 29, -2*b + 4*p - 60 = 0. Let w = i + b. List the prime factors of w.
3, 7
Let i = 21 + -9. Let v(h) = 24*h + 1 - 1 - 23*h. What are the prime factors of v(i)?
2, 3
Suppose -3*r + 46 = 13. Suppose r - 7 = 2*f. List the prime factors of (-376)/(-32)*f*2.
47
Let z be ((-2)/4)/((-8)/96). Suppose d + 8*m = z*m + 87, -3*m = 2*d - 177. What are the prime factors of d?
3, 31
What are the prime factors of ((-756)/(-48))/(1/(-44))*-1?
3, 7, 11
What are the prime factors of 8 + -6*3/3?
2
Suppose 0 = -6*p + 4*p - 12. Let y(b) = b**2 - 4*b + 2. What are the prime factors of y(p)?
2, 31
Let g = -164 - -300. What are the prime factors of g?
2, 17
Let z = -283 - -516. List the prime factors of z.
233
Let p(j) = 25*j + 1. Let v(n) = 99*n + 3. Let u(t) = -15*p(t) + 4*v(t). Let a be u(3). Suppose -a = -2*b - 22. What are the prime factors of b?
19
Let m(w) = 24*w**2 + 2*w - 1. Suppose -21*p + 16*p = -10. Suppose 1 = 3*k - p*k. List the prime factors of m(k).
5
What are the prime factors of (-81153)/(-21) - 10/(-210)*-9?
2, 3, 7, 23
What are the prime factors of (3 - 1) + (3 - (-337 - 1))?
7
Let v(c) = -784*c - 16. List the prime factors of v(-1).
2, 3
Let m(y) = 3*y**2 + 3*y. Let t be m(-2). Let h = t + -18. What are the prime factors of (-147)/h + (-3)/(-4)?
13
Let s = 9150 + -5632. List the prime factors of s.
2, 1759
Let q(j) = 3*j**2 + 27*j - 45. What are the prime factors of q(-12)?
3, 7
Let u(w) = -w**2 - 13*w - 3. Let o be u(-14). Let f = -10 - o. List the prime factors of f.
7
Suppose b - 301 - 855 = 0. What are the prime factors of b?
2, 17
Let i be -19 - -2 - (3 + -3). Let q be i - (-4 + 2 - -1). List the prime factors of (-1)/4 - 260/q.
2
Let n(c) = -c**3 - 2*c**2 - 4*c - 2. Let r be n(-2). Suppose 5*u - 14 = r. Suppose u*g - 11 = 81. List the prime factors of g.
23
Suppose 231*w = 234*w - 3015. List the prime factors of w.
3, 5, 67
Suppose -2*m + w - 171 = 2*m, 0 = 3*m + 2*w + 120. Let y(d) = -d**2 - 7*d + 2. Let n be y(-6). List the prime factors of (n - 9)*m/2.
3, 7
Let m(w) = -w**3 - 34*w**2 + 31*w + 94. What are the prime factors of m(-35)?
2, 3, 13
Let h = -54 - 31. Let j be ((-180)/(-75))/((-2)/h). Suppose -5*q - 3*s = -j, -3*q = -s - 4*s - 68. What are the prime factors of q?
3, 7
Suppose 8*f - 2*j - 14 = 3*f, -3*j + 2 = 4*f. Suppose 10 = -f*k, -k - 17 = -3*r + 180. What are the prime factors of r?
2
Suppose -4 = -y, 0 = 4*d + 5*y - 767 - 45. List the prime factors of d.
2, 3, 11
Suppose 212 = 2*o - 504. What are the prime factors of o?
2, 179
Suppose -5*h - 4*d = -6*h + 90, -2*h = -2*d - 186. What are the prime factors of h?
2, 47
Let l(a) = 7*a**2 - 2*a + 1. Let d be l(1). Let u be (15/d)/(2/16). Suppose -25 = -i - u. List the prime factors of i.
5
Let p be (3 - 78/18)*3*-2. Suppose 0 = -p*l + 733 - 269. What are the prime factors of l?
2, 29
Let j(i) = -2*i**3 + 55*i**2 - 81*i - 17. List the prime factors of j(25).
3, 19
Let i(y) = 14*y. Let f be i(-8). Let h(x) = -x**2 + 17*x - 71. Let j be h(8). What are the prime factors of j - f/2 - -4?
61
Let r = 1309 - 841. List the prime factors of r.
2, 3, 13
Let o = -8 - 4. Let m(s) = -12*s + 30. What are the prime factors of m(o)?
2, 3, 29
List the prime factors of (-73059)/(-91) + (-6)/(-39).
11, 73
Suppose 3*d = 4*l + 3632, -5*d - 2*l - 3357 = -9393. What are the prime factors of d?
2, 151
Suppose -5*s - 2*b + 26 = 0, 5*s - 2*b - 19 = 15. Suppose -3 = -2*v + z + s, 0 = -v + z + 6. Suppose -25 = -v*r + 17. What are the prime factors of r?
2, 7
Suppose -2*u - 7 = 5*d, -5*u - 5*d + 0*d + 5 = 0. Suppose 0 = -u*w + 3*w + 18. Suppose 0 = -7*m + 4*m + w. What are the prime factors of m?
2, 3
Suppose 9*i + 560 = -5*l + 4*i, -3*i = -15. Let w = 144 + l. List the prime factors of w.
3
Suppose -4*i + 50 = -9*i. Let s(d) = d**3 + 12*d**2 + 4*d. What are the prime factors of s(i)?
2, 5
Let k(c) = 0*c + 3*c - 333 + 336 + 74*c**2. What are the prime factors of k(-2)?
293
Suppose 0 = 4*f + 2*k + 58, -2*k + 3 = 5. Let q = f + 17. Suppose 99 = 2*h + h - q*x, -h - 2*x + 30 = 0. List the prime factors of h.
2
Suppose 3*u = -6, -3*s + u = -565 - 748. Suppose 5*f + d - 647 + 77 = 0, 4*f = 3*d + s. List the prime factors of f.
113
Suppose 14 = 4*c - 10. Suppose -2*h - c = -30. What are the prime factors of h?
2, 3
Suppose 14*n - 21 = 7. Suppose -3*c = -n*a - 406, -2*c + 2*a - 4*a + 264 = 0. List the prime factors of c.
2, 67
List the prime factors of ((-432)/45)/(3/(-15)).
2, 3
Let n = 473 - -2070. What are the prime factors of n?
2543
Suppose 4*s + 3*u = 813, 4*s - 526 - 277 = -5*u. List the prime factors of s.
3, 23
Suppose 7*n - 46 = -11. Let q(p) = p**2 - 5*p + 4. Let k be q(n). Suppose -k*z - 2*c + 277 = z, -5*z + 280 = 5*c. List the prime factors of z.
5, 11
Suppose -23*c = -8*c - 4500. List the prime factors of c.
2, 3, 5
Let r(q) = -q**2 - q - 6. Let x be r(5). Let a be 20/(-15)*x/8. Let z = 32 - a. List the prime factors of z.
2, 13
Suppose 0 = -u - 3, -5 = -5*f - 3*u - 2*u. Suppose -f*c = 3*z - 18, c - z = 5*c - 14. Suppose c*l = l + 56. What are the prime factors of l?
2, 7
Let i be (-75)/7 - (-14)/(-49). List the prime factors of (-5 - -4)*i*3.
3, 11
Suppose -7 = -4*f + 1. Suppose -32 = -2*n - 5*s, 7*n = 3*n + f*s + 16. List the prime factors of n.
2, 3
Suppose -2*l + 2*t = -l + 115, -586 = 5*l + t. Let n = l + 246. Let w = n - 91. List the prime factors of w.
2, 19
Let l(z) = z**2 + 8*z + 4. Suppose -5*q = 2*y + 50, 0 = 2*q - q - 3*y - 7. List the prime factors of l(q).
2
Let a(y) = y + 2. Let u be ((-4)/(-5))/(2/20). Let i be a(u). Let b(g) = -g**2 + 11*g + 11. What are the prime factors of b(i)?
3, 7
Let c(k) = -k + 6. Let l be c(0). Let u(t) = 10*t + t**2 - l - 5*t - 1. List the prime factors of u(-8).
17
Let a(l) = 5*l**2 + 3*l + 1224. List the prime factors of a(0).
2, 3, 17
Suppose 0*d - 2*s - 1080 = -2*d, -5*d - s + 2670 = 0. List the prime factors of d.
5, 107
Suppose 4*r = 5*y - 136, 2*y + 3*r = -3*y + 108. Suppose g + 2*t = y, 5*g + t + 2*t = 85. Suppose 5*s - g + 4 = 0. What are the prime factors of s?
2
Let h = -5 - -11. Let i be (9/h)/(12/(-16)). List the prime factors of i/(-4) - 11/(-2).
2, 3
Suppose 0 = -2*c + c + 2*j + 7, 0 = -2*c - 3*j - 14. What are the prime factors of c/(-3) + 2 + (-2786)/(-21)?
3, 5
Let b = -277 - -558. List the prime factors of b.
281
Let c(r) = 2*r - 2. Let g be c(7). Let d(z) = -z + 14*z - 2*z**2 + 0 - 4 + z**2. List the prime factors of d(g).
2
Let f = -16 - 5. Let c = -18 - f. Suppose 4*z + c*v - 145 = 0, -5*z + 108 = v - 65. List the prime factors of z.
2, 17
Suppose -4*o = 133*d - 134*d - 8429, 10552 = 5*o + 4*d. What are the prime factors of o?
2, 17, 31
Suppose -3*p = 33*p - 15156. List the prime factors of p.
421
Let t(s) = 8*s + 12. Let a be t(-3). List the prime factors of 0*(-4)/a - -91.
7, 13
Suppose 0 = -5*p + 2*d + 164, 142 = 4*p + 2*d - 0*d. Let r = p - 19. Suppose 4*g = 4*v - 108, v - 2*v = 5*g - r. List the prime factors of v.
5
Let c be (-1 - -5)*(-10)/(-8). Suppose 37 = 2*j - c. List the prime factors of j.
3, 7
Suppose -286 = -4*o - 3*b, -346 = -5*o + b + b. List the prime factors of 2016/o - 2/(-10).
29
Let w be -10 + (0 - (-1 - 3)). Let t = 33 + w. What are the prime factors of t?
3
List the prime factors of (20408/16)/(2/4).
2551
Suppose -2*y + 2*z + 8602 = -0*y, 5*z = 0. List the prime factors of y.
11, 17, 23
Suppose 0 = -2*m - 4*v - v + 164, -5*m + 2*v = -381. What are the prime factors of m?
7, 11
Let b be -1 + (2 - (-3)/1). Suppose -b*z + 644 = 4*a, 0 = -5*a - z - z + 817. What are the prime factors of a?
3, 5, 11
Let r = 75 - 78. What are the prime factors of 12/(-30)*-131 + r/(-5)?
53
Suppose 0*m + 33 = 3*m. Let c = m + 17. What are the prime factors of c?
2, 7
Let j(s) = -25*s**3 + 4*s**2 - 33*s - 110. What are the prime factors of j(-4)?
2, 3, 281
List the prime factors of (-200)/(-1100) + 119654/22.
3, 7, 37
Let a(b) = -537*b - 8. What are the prime factors of a(-1)?
